{"id":671,"date":"2024-11-22T12:38:19","date_gmt":"2024-11-22T12:38:19","guid":{"rendered":"https:\/\/madrigalisten.de\/?page_id=671"},"modified":"2025-04-07T08:25:39","modified_gmt":"2025-04-07T08:25:39","slug":"downloads","status":"publish","type":"page","link":"https:\/\/madrigalisten.de\/?page_id=671","title":{"rendered":"DOWNLOADS"},"content":{"rendered":"\n<p class=\"has-text-align-left\"><strong>Spenden<br><\/strong>Wir sind ein gemeinn\u00fctziger Verein. Das hei\u00dft Spenden an uns sind steuerlich absetzbar.<br>F\u00fcr alle Spenden unter 200\u20ac pro Jahr reicht dem Finanzamt Ihr Kontoauszug und der informelle Spendennachweis, der Ihnen hier zum <a href=\"https:\/\/madrigalisten.de\/wp-content\/uploads\/2019\/09\/Spendennachweis.pdf\">Download <\/a>bereitsteht.<br>Alle Personen, die dem Chor \u00fcber 200\u20ac im Jahr gespendet haben erhalten von am Ende des Kalenderjahres eine pers\u00f6nliche Spendenbescheinigung auf die die H\u00f6he der Spende quittiert wird.<\/p>\n\n\n\n<p><strong>Klangpatenschaft<\/strong><br>Wenn Sie den Chor dauerhaft finanziell unterst\u00fctzen m\u00f6chten k\u00f6nnen Sie dies mit einer Klangpatenschaft tun. Der Antrag dazu steht Ihnen hier zum <a href=\"https:\/\/madrigalisten.de\/wp-content\/uploads\/2024\/12\/Foerdermitgliedschaft-Antrag.pdf\">Download<\/a> bereit. Diesen k\u00f6nnen sie dann per <a href=\"mailto:klangpatenschaft@madrigalisten.de\">E-Mail<\/a> an uns senden.<\/p>\n\n\n\n<p class=\"has-text-align-left\"><strong>Satzung<\/strong><br>Im Rahmen unserer Klangpatenschaft sind Sie F\u00f6rdermitglied des Chores und haben nat\u00fcrlich auch Zugriff auf unsere Satzung, welche Ihnen zum <a href=\"https:\/\/madrigalisten.de\/wp-content\/uploads\/2024\/11\/Vereinssatzung-HM-Stand2019.pdf\">Download <\/a>bereitsteht.<\/p>\n","protected":false},"excerpt":{"rendered":"<p>SpendenWir sind ein gemeinn\u00fctziger Verein. Das hei\u00dft Spenden an uns sind steuerlich absetzbar.F\u00fcr alle Spenden unter 200\u20ac pro Jahr reicht dem Finanzamt Ihr Kontoauszug und der informelle Spendennachweis, der Ihnen hier zum Download bereitsteht.Alle Personen, die dem Chor \u00fcber 200\u20ac im Jahr gespendet haben erhalten von am Ende des Kalenderjahres eine pers\u00f6nliche Spendenbescheinigung auf die die H\u00f6he der Spende quittiert wird. KlangpatenschaftWenn Sie den Chor dauerhaft finanziell unterst\u00fctzen m\u00f6chten k\u00f6nnen Sie dies mit einer Klangpatenschaft tun. Der Antrag dazu steht Ihnen hier zum Download bereit. Diesen k\u00f6nnen sie dann per E-Mail an uns senden. SatzungIm Rahmen unserer Klangpatenschaft sind Sie F\u00f6rdermitglied des Chores und haben nat\u00fcrlich auch Zugriff auf unsere Satzung, welche Ihnen zum Download bereitsteht.<\/p>\n","protected":false},"author":2,"featured_media":0,"parent":0,"menu_order":0,"comment_status":"closed","ping_status":"closed","template":"","meta":{"footnotes":""},"class_list":["post-671","page","type-page","status-publish","hentry"],"_links":{"self":[{"href":"https:\/\/madrigalisten.de\/index.php?rest_route=\/wp\/v2\/pages\/671","targetHints":{"allow":["GET"]}}],"collection":[{"href":"https:\/\/madrigalisten.de\/index.php?rest_route=\/wp\/v2\/pages"}],"about":[{"href":"https:\/\/madrigalisten.de\/index.php?rest_route=\/wp\/v2\/types\/page"}],"author":[{"embeddable":true,"href":"https:\/\/madrigalisten.de\/index.php?rest_route=\/wp\/v2\/users\/2"}],"replies":[{"embeddable":true,"href":"https:\/\/madrigalisten.de\/index.php?rest_route=%2Fwp%2Fv2%2Fcomments&post=671"}],"version-history":[{"count":4,"href":"https:\/\/madrigalisten.de\/index.php?rest_route=\/wp\/v2\/pages\/671\/revisions"}],"predecessor-version":[{"id":728,"href":"https:\/\/madrigalisten.de\/index.php?rest_route=\/wp\/v2\/pages\/671\/revisions\/728"}],"wp:attachment":[{"href":"https:\/\/madrigalisten.de\/index.php?rest_route=%2Fwp%2Fv2%2Fmedia&parent=671"}],"curies":[{"name":"wp","href":"https:\/\/api.w.org\/{rel}","templated":true}]}}